 + 2)?
5
What is the value of 9 + (9 - 18) + 4?
4
Evaluate -7 + -6 - -15 - (-7 + 2).
7
What is the value of 1 - ((-4 - 0) + 2 + 0)?
3
Calculate -1 + -3 + (0 + -2 - -2).
-4
Evaluate -7 + 3 + -1 + 6.
1
What is (3 - 2) + 5 + 1 + -3?
4
What is 0 - (-3 - (-2 + 0 - -1))?
2
Evaluate 0 + 4 - ((3 - 2) + 0).
3
What is 5 - 9 - (0 - 2)?
-2
Calculate 5 + -2 + 0 - 0 - 0.
3
-5 + -8 + 7 - (-1 + -2)
-3
What is the value of -2 - (-2 + (5 - 5) + 5)?
-5
Calculate 0 - (2 + 2) - -8.
4
What is (2 + -5 - -1) + -1 + 4?
1
0 + -2 + 5 - (15 + -10)
-2
Calculate -4 + (3 - 1 - 0).
-2
Calculate 1 + 7 + 11 + -10.
9
What is (-27 - -30) + (0 - -4)?
7
What is the value of -5 - (-2 - 2 - 0)?
-1
Calculate -8 + 10 - (-4 + 9).
-3
-8 + (5 - 11 - -8)
-6
Calculate (5 - 1) + -4 - -4.
4
Calculate -5 - (-7 - ((-2 - 3) + 3)).
0
Calculate -18 + 14 - (1 + -8).
3
What is -3 - (8 - -2) - (-9 - -3)?
-7
Calculate (-4 - -7) + -3 - (0 - 1).
1
Evaluate -16 - -12 - (-10 + -2 - -1).
7
Calculate (-1 - -3) + (5 - 9 - 2).
-4
What is the value of 0 + (-14 - -10) - -12?
8
6 + -3 + 1 - 3
1
What is the value of -24 - -35 - (1 - -3)?
7
-3 + (-5 - (-1 - 3)) + 3
-1
What is the value of (-41 - -34) + 0 + 3?
-4
7 - (-8 - 2 - -14)
3
What is the value of -49 + 54 + 0 + -11 - -4?
-2
What is -5 + 2 + 7 - 2?
2
What is the value of (7 + -6 - 10) + 7?
-2
What is 2 - ((2 - 1) + -3)?
4
(1 + 0 - 2) + 3 + -3
-1
What is -3 + 1 - (-6 + 8)?
-4
Evaluate 1 + 0 + (12 - 11).
2
-9 + 4 - 0 - -2
-3
Calculate 1 + (-5 - (-5 + 2)).
-1
What is -4 + 9 + (-9 - -7)?
3
Calculate 9 - -1 - (-10 - (16 - 26)).
10
Evaluate (-8 - -17) + (-5 - -1).
5
What is -2 + (-1 - 1) + -1?
-5
Calculate (11 + -4 - 0 - 2) + -10.
-5
Calculate 3 - 10 - (50 + -61).
4
Calculate (7 - 15 - -11) + 2.
5
Calculate 1 - (-2 - -7) - (-22 - -16).
2
(3 - 8) + (2 - -6)
3
5 - (0 + 10 + -5) - 0
0
Evaluate (-2 - -9 - 14) + -1 + 2.
-6
Calculate (-6 - -3) + -8 + 9.
-2
Calculate 7 - 4 - 1 - -2.
4
What is the value of -2 + -1 - (3 + (-4 - 9))?
7
What is the value of (-11 - -5) + 2 - -4?
0
Evaluate -2 + -1 - (-16 + 15).
-2
Calculate -5 + 4 - (-14 + 17).
-4
Evaluate 4 + (-2 - 2) + (8 - 12).
-4
What is 3 + -1 - 1 - (-7 + 12)?
-4
What is 0 + -6 - -15 - 17?
-8
Evaluate -9 - -3 - (-3 - 2) - -4.
3
What is the value of 17 + -13 - (3 + 6)?
-5
Evaluate 1 + 5 - 4 - -5 - 17.
-10
What is the value of 5 - (9 + -8 + 1)?
3
Calculate (4 - 13) + 14 + (-3 - 2).
0
0 + 7 - 4 - 5
-2
Evaluate -6 + 11 - -2 - 8.
-1
-1 + 2 + (25 - 20) + -12
-6
What is the value of (3 - -3) + -8 + 0 + -1?
-3
What is the value of (1 + -12 - -25) + -10?
4
0 + -16 + 6 + 3
-7
What is (-3 - -4 - 5) + -9 + 19?
6
What is 1 + 11 + (0 - (13 - 7))?
6
What is 1 + (-13 - -9) + (-1 - -9)?
5
What is -2 - 1 - (-3 + -6 - -4)?
2
What is 4 + (46 - 40 - (6 + -1))?
5
What is -2 - (4 + -4 - 3)?
1
Calculate (-6 - (-2 - 6)) + -9 + 1.
-6
2 + (0 - 0) - 0
2
Evaluate -8 + 3 - (-23 + 18) - -8.
8
Calculate -2 + 4 + -2 + -3.
-3
Calculate 0 + -6 + 4 - 2 - -3.
-1
7 + -13 + (3 + -2 - 0)
-5
4 + 2 + -3 + -2
1
-8 - (-4 - -3 - 6)
-1
2 - (-2 + 10 + (-2 - 2))
-2
What is the value of 1 - (-1 + (6 - (-2 - 1)))?
-7
Evaluate 0 + -5 + (-1 - -3) + 3.
0
Evaluate 0 + -1 + 2 + -1.
0
(-2 - -1) + (4 + -6 - -2)
-1
What is 1 + -1 - (-8 - -2)?
6
What is -1 + 0 + (-3 - -3) + 2?
1
What is the value of 3 + 3 - (-13 - -15)?
4
What is the value of 7 + (3 - 12) + (0 - -4)?
2
What is 5 + (-4 - (-9 + 6))?
4
Calculate 2 - ((17 - 8) + (1 - 1)).
-7
What is -2 - (4 + 1 + -5)?
-2
What is 4 + (5 - (4 - 2))?
7
Evaluate -2 + -1 + -2 + (-2 - -7).
0
What is 8 - (16 + (-15 - -4))?
3
Evaluate (5 - -3) + -3 + -6.
-1
Calculate 1 + 8 - (14 + (-5 - 5)).
5
What is -13 - ((10 - 8) + -13)?
-2
Calculate -4 + 1 - 0 - -2.
-1
5 - (8 + -8 + 5)
0
Calculate -21 + 25 + (0 - 5).
-1
Calculate -1 + -4 - (62 + -61).
-6
What is -36 - -32 - (0 - -5)?
-9
2 + (1 - 8 - -4 - 1)
-2
What is (3 - (4 + 0)) + 0?
-1
Evaluate 8 + 4 + -8 + 4.
8
(8 - 9) + -2 + -5
-8
What is the value of 14 - (6 + (-12 - -14))?
6
What is the value of 5 + -7 + 10 - (1 - -3)?
4
What is the value of (-6 - (-20 + 3)) + -1 + 0?
10
What is the value of -2 + 3 + -5 + 3?
-1
2 + -1 + -4 + (-1 - -6)
2
(8 - -1) + 1 + -8
2
Calculate -2 - ((-5 - -1) + -3 - -6).
-1
Evaluate (16 - (-5 - -14)) + (0 - 4).
3
Calculate -6 + (4 - (-3 + -1) - 4).
-2
What is 0 + -2 - (-13 - (0 + -5))?
6
Calculate (-23 - -37) + (-1 - 7).
6
What is the value of -6 - (-1 + -3 - 0)?
-2
What is the value of -4 + 3 + -5 + 10?
4
What is -2 - (-8 + (0 - -5)) - 6?
-5
What is the value of -4 + 0 + (36 - 36)?
-4
Calculate 1 - ((-3 - 2) + 0 + 7).
-1
Evaluate 1 - -1 - (-1 - (-3 + 2)).
2
-13 - (4 + -3 + -6)
-8
Calculate -5 + (4 - (-12 + 6)) - 1.
4
Evaluate (-12 - -10) + -4 + 1 - -2.
-3
What is the value of 1 + (2 - -2 - (15 + -9))?
-1
Calculate -1 + (-6 - 0) + 8.
1
Calculate 15 + (7 - 10) - (1 + 4).
7
What is the value of 8 - 16 - (3 + -6)?
-5
What is the value of -3 - (-2 + 5 + -3 - 9)?
6
Calculate -3 + 7 - (0 + 2).
2
Calculate 0 + (-3 - -1) + (-3 - -8).
3
Calculate -6 + 0 + -2 + 6.
-2
What is the value of 6 + (-12 - -7) - 6?
-5
Evaluate 1 - (1 - 0) - (-29 + 35).
-6
Calculate -12 + 5 + -2 + 4.
-5
What is the value of 5 - (-5 + (8 - -4))?
-2
61 + -66 + (0 + -2 - -8)
1
Calculate -1 - -1 - 3 - -3.
0
Evaluate 3 + -2 + (-2 - (-6 - -3)).
2
What is the value of (3 + 1 - 0) + (-27 - -21)?
-2
Evaluate -15 + (11 - -3) + -3.
-4
Calculate -2 + (0 - (8 - 1) - -11).
2
Evaluate 5 - (-6 + 4 - -4).
3
What is 1 + (-2 + 1 - (-4 + 2))?
2
Evaluate -7 + -3 + -2 + (-6 - -12).
-6
What is (1 + -2 - -1 - -2) + -7?
-5
Calculate (4 - 11) + (-1 - 0) + 4.
-4
What is the value of -8 + (2 - 0) - (-40 + 39)?
-5
What is 1 + -4 + 6 - 2?
1
What is -2 - (-1 + 3 + -9)?
5
Evaluate (-3 - -5) + (-3 - -6).
5
What is the value of 64 + -61 - (-1 + 2 - -2)?
0
(-2 - 1) + (20 - 19)
-2
What is 6 + -2 + (4 - 11)?
-3
Evaluate -63 + 50 - (-8 + -3).
-2
What is the value of 0 + 2 + (3 - (6 - 3))?
2
What is the value of 2 + 1 - ((5 - -4) + -7)?
1
What is (-10 - -4) + (-7 + 15 - 7)?
-5
(4 + -2 - -2) + -2 + 4
6
Evaluate 14 - (-8 - -12) - 4.
6
Calculate -11 + 6 + -4 - -11.
2
What is the value of -23 + 13 - (-3 - (2 + 1))?
-4
Evaluate -2 + 3 - (1 + 0 + 3).
-3
What is (-3 - (-2 - -2)) + 6?
3
Calculate -5 + -3 + (8 - 5) + 6.
1
What is the value of 16 + -13 - (4 + -4)?
3
0 + -8 - (33 - 45)
4
Evaluate -7 + -9 + 18 + (1 - 1).
2
19 - (7 - -14 - 10)
8
Evaluate -9 - -3 - (1 + (4 - 7)).
-4
What is (2 + -2 - (-14 - -11)) + -4?
-1
What is 6 - (-4 - (-7 - (0 - 1)))?
4
What is 1 + -1 + -12 + 13?
1
Calculate 0 - (2 - 9 - -7).
0
What is the value of (-2 - (-3 + 0)) + (-3 - 3)?
-5
Calculate (13 + -12 - 4) + (6 - 1).
2
What is -4 - (-8 + 2 + 5)?
-3
Evaluate 5 - (5 - (6 + -4)).
2
-147 - -153 - (2 - (-1 + -4))
-1
Calculate 6 + -14 - (-2 - 2).
-4
What is the value of 11 - 2 - (30 - 20)?
-1
What is -4 + -1 - (12 + -7 - 12)?
2
What is the value of 6 - ((0 - -2) + 0)?
4
(10 - 6) + -5 + 10
9
What is 9 + (-1 - 2) + 0?
6
Calculate 21 + -3 + -8 - 12.
-2
What is -3 + -9 + 6 + -1 + 4?
-3
Calculate (0 - -2 - (-1 - 0)) + 2.
5
Evaluate (-3 - (-7 - -2)) + 3.
5
What is the value of -5 - 5 - (-5 - 0)?
-5
Calculate -3 - (-2 + -6 + 2).
3
Evaluate 2 + -3 + 19 + -17.
1
Evaluate 1 + (-5 - 1) - 7 - -6.
-6
What is the value of 11 + -5 + -2 + -13?
-9
Evaluate 1 + 4 - (-2 + 11).
-4
What is 6 + (-13 - (-2 + -4))?
-1
What is -7 + 3 + (-3 + 5 - 3)?
-5
Calculate (-4 - 6) + 6 + 2 + 2.
0
Evaluate -4 + 3 - (7 + -5).
-3
What is the value of 9 - (1 - -1) - (-118 - -123)?
2
What is the value of (-1 - 1) + -5 + -7 + 9?
-5
Calculate (-2 - -10) + (-47 - -41).
2
What is the value of (8 - 10) + 0 + 2?
0
What is the value of (-2 - (-5 - -5 - 3)) + 0?
1
Evaluate -8 - (-7 + 2 + (5 - 6)).
-2
Calculate 3 - (8 + -4) - -1.
0
Calculate -3 + -2 - (2 - (0 - -2)).
-5
-4 + (4 + -3 - 0)
-3
Calculate -11 - -8 - (-5 + 0).
2
What is the value of -3 + 0 + (6 - (16 - 12))?
-1
What is the value of -8 + 0 + 5 - -5 - -2?
4
Calculate -2 - -1 - (-12 - -6).
5
What is (-7 - (-1 + -1)) + (4 - 1)?
-2
Evaluate 3 + -8 - (-5 + 4 + -4).
0
Evaluate 4 + -11 + 0 + 2 + 1.
-4
Evaluate -7 - 2 - -4 - -3.
-2
-3 - ((3 - 14) + 6) - 7
-5
24 + -22 + -8 + -4
-10
(0 - -1) + 1 + (71 - 68)
5
What is the value of -1 - (1 - 0) - (37 - 42)?
3
Calculate 6 + (-7 - 2) - (0 - -2).
-5
Evaluate 0 + 3 - (7 + 1).
-5
What is the value of -2 - -4 - (-3 - -1)?
4
What i